{"id":86,"date":"2019-03-12T09:57:59","date_gmt":"2019-03-12T08:57:59","guid":{"rendered":"http:\/\/www.fortis-it.si\/?page_id=86"},"modified":"2019-03-13T15:02:00","modified_gmt":"2019-03-13T14:02:00","slug":"prodaja-nove-in-rabljene-racunalniske-opreme","status":"publish","type":"page","link":"https:\/\/www.fortis-it.si\/?page_id=86","title":{"rendered":"Prodaja nove in rabljene ra\u010dunalni\u0161ke opreme"},"content":{"rendered":"<p>Nudimo vam nakup nove ali rabljene IT opreme. Ra\u010dunalnikov, tiskalnikov, monitorjev, itd..<\/p>\n","protected":false},"excerpt":{"rendered":"<p>Nudimo vam nakup nove ali rabljene IT opreme. Ra\u010dunalnikov, tiskalnikov, monitorjev, itd..<\/p>\n","protected":false},"author":1,"featured_media":144,"parent":0,"menu_order":0,"comment_status":"closed","ping_status":"closed","template":"","meta":{"footnotes":""},"_links":{"self":[{"href":"https:\/\/www.fortis-it.si\/index.php?rest_route=\/wp\/v2\/pages\/86"}],"collection":[{"href":"https:\/\/www.fortis-it.si\/index.php?rest_route=\/wp\/v2\/pages"}],"about":[{"href":"https:\/\/www.fortis-it.si\/index.php?rest_route=\/wp\/v2\/types\/page"}],"author":[{"embeddable":true,"href":"https:\/\/www.fortis-it.si\/index.php?rest_route=\/wp\/v2\/users\/1"}],"replies":[{"embeddable":true,"href":"https:\/\/www.fortis-it.si\/index.php?rest_route=%2Fwp%2Fv2%2Fcomments&post=86"}],"version-history":[{"count":1,"href":"https:\/\/www.fortis-it.si\/index.php?rest_route=\/wp\/v2\/pages\/86\/revisions"}],"predecessor-version":[{"id":87,"href":"https:\/\/www.fortis-it.si\/index.php?rest_route=\/wp\/v2\/pages\/86\/revisions\/87"}],"wp:featuredmedia":[{"embeddable":true,"href":"https:\/\/www.fortis-it.si\/index.php?rest_route=\/wp\/v2\/media\/144"}],"wp:attachment":[{"href":"https:\/\/www.fortis-it.si\/index.php?rest_route=%2Fwp%2Fv2%2Fmedia&parent=86"}],"curies":[{"name":"wp","href":"https:\/\/api.w.org\/{rel}","templated":true}]}}